40 = 4*z + 320. Let s = 315 + -270. Calculate the highest common divisor of s and z.
45
Suppose -11*f - 10 - 12 = 0. Let t be -2*(68/(-40) - f/10). What is the highest common factor of t and 9?
3
Let j(w) = -24*w + 299. Let s(k) = 2*k**2 - 4*k - 40. Let x be s(5). Let v be j(x). What is the highest common divisor of 98 and v?
49
Suppose -2*a + 24177 = 5*g, 0 = -52*a + 54*a - 12. Calculate the highest common factor of 27 and g.
27
Suppose -4 + 44 = 5*r. Let t = -143137 + 143337. What is the highest common divisor of t and r?
8
Suppose 5*h - 55685 = 107*q - 102*q, -22310 = -2*h - 4*q. Calculate the greatest common divisor of h and 22.
11
Suppose -63*a - f = -59*a - 4224, -5*f = -5*a + 5280. What is the greatest common factor of a and 66?
66
Let v = -1890 + 2388. Calculate the highest common divisor of 60 and v.
6
Let z(i) be the first derivative of -2*i**2 + 29*i + 87. Let d be z(0). What is the highest common divisor of d and 29?
29
Let l = 331 + -326. Let d be l/15*-57*-2*2. Calculate the greatest common factor of 57 and d.
19
Let y be (2/(-6) - 146/30)/(28/(-138600)). What is the highest common divisor of 220 and y?
220
Let r(x) = 799*x + 6207. Let w be r(-6). What is the greatest common factor of 27 and w?
9
Let g = -1041 + 604. Let u be 3 - 9 - (g + 2). What is the highest common factor of 33 and u?
33
Let r = 2606 - 2591. Calculate the greatest common factor of 14 and r.
1
Suppose 5*w = 95 + 25. Let b(k) = -9*k + 813. Let q be b(73). Calculate the greatest common divisor of w and q.
12
Let y(s) = -s**2 - 6*s + 58. Let r be y(-9). Suppose u - 44 = -2*z, r + 57 = 3*u - 5*z. Calculate the highest common divisor of u and 102.
6
Let w = -3147 + 3447. What is the highest common divisor of 96 and w?
12
Let q = 7561 + -7432. What is the greatest common divisor of 72 and q?
3
Suppose -r + 4 = -7. Suppose 12*d = r*d + 400. What is the highest common factor of 50 and d?
50
Suppose 4*l - 805 = 2*j - 2101, 5*l = -j + 676. What is the greatest common factor of 2460 and j?
164
Let h = -45 + 65. Suppose -h*p = -24*p + 328. Calculate the greatest common factor of 287 and p.
41
Let o = 280 - 151. Suppose 2*l + 3*j - o = 0, -6*l = -10*l - 4*j + 252. Let w = 27 - 3. Calculate the greatest common factor of w and l.
12
Let b(j) = 11*j**2 + 9*j - 8. Let u be b(5). Suppose -4*p - 4*c + 14 + 90 = 0, -3*c + 102 = 4*p. What is the greatest common factor of p and u?
24
Let n = -4943 - -4953. What is the highest common divisor of 4 and n?
2
Suppose -g = 5*o - 195, 3*o - g + 47 = 172. Let v(u) = 3*u + 63. Let m be v(9). Let k = m + -85. What is the highest common divisor of k and o?
5
Suppose 4*a + 0 = 12, 5*a = -j + 571. Suppose 11*c = 6*c + 20. Calculate the greatest common divisor of c and j.
4
Let z(k) = 20*k + 4*k**2 - 7*k - 2 - 14*k. Let r be z(-2). Suppose -2*p = -p - 40. Calculate the greatest common divisor of p and r.
8
Suppose -2*k + 42928 = 3*k + 3*h, 0 = -5*h + 5. Calculate the greatest common divisor of 15 and k.
5
Let c(n) = n**3 - 17*n**2 + 15*n + 1. Let u be c(17). Let p be 466/(-9) + -2 + (-112)/(-63). Let y = -20 - p. What is the greatest common divisor of u and y?
32
Let h be (-22)/((-56)/(-1050) - 4/30). Suppose 5*b = 5*u + 55, b - 13 = -5*u - 2. What is the greatest common divisor of b and h?
11
Let l = 154 - 135. Calculate the greatest common factor of l and 19.
19
Let h be (23/(23/286))/2. What is the highest common divisor of h and 377?
13
Let r = -1620 + 1630. Suppose w - 32 = -4*l, 3*w - 3*l = 4*w - 34. What is the highest common divisor of r and w?
10
Let w(f) = f**2 + 8*f - 61. Let v be w(7). Let r(s) = s**3 - 12*s**2 - 6*s + 6. Let j be r(6). Let m = j - -466. What is the greatest common factor of v and m?
44
Let j(v) = v**2 + 78*v - 643. Let m be j(8). Calculate the greatest common factor of 1458 and m.
9
Let f(q) be the third derivative of -q**5/30 + 11*q**4/8 - 43*q**3/6 + 9*q**2. Let d be f(15). What is the greatest common factor of 22 and d?
2
Let k be ((-4)/(-1) + 7)*16. Let c = k - 77. Let n(t) = -t**2 + 5*t + 5. Let j be n(4). Calculate the greatest common divisor of j and c.
9
Suppose -391*p + 386*p = -310. Let l = p + -58. What is the greatest common divisor of l and 4?
4
Let w(r) = r**2 + 31*r - 153. Let i be w(-36). Let o(m) = -2*m + 18. Let v be o(7). Suppose -v*t + 540 = t. Calculate the highest common divisor of i and t.
27
Suppose 10 = t + 5*o, -t = 2*t - 2*o - 64. Suppose 0*k - 5*k + t = 0. Let z be (10/k)/(5/(-50))*-1. What is the greatest common factor of z and 5?
5
Let d = -343 - -199. Let c = d - -192. What is the greatest common factor of c and 3?
3
Suppose 4 - 4 = 10*l. Let d be (3 + l - -48) + 3. Calculate the highest common divisor of 378 and d.
54
Let l = 32 + 340. Suppose 10*a + 8 = 128. What is the highest common factor of a and l?
12
Let c be -18*129/(-6) - -4. Let a be c + (2 - 6) - 3. Suppose -b = -3*b + a. What is the greatest common divisor of 48 and b?
48
Let g = 90 + -51. Let q be 10 + (1 - 5) + 0. Suppose 8*c + q*c - 3822 = 0. Calculate the greatest common divisor of g and c.
39
Suppose -b + 2*b + 4 = 4*y, 5*y = -2*b + 5. Suppose 3*g - 3*i - 36 = b, -g - 2*g + 2*i = -39. What is the greatest common factor of 375 and g?
15
Suppose 177*h = 176*h + 2*w + 21, -h = -4*w - 9. What is the highest common factor of 591 and h?
3
Suppose -c = -6*c - 25, 2*c = 4*w - 4350. Suppose -w = -14*h + 7*h. Calculate the highest common factor of 31 and h.
31
Let g(d) = -2*d**3 - 3*d**2 + d - 92. Let f be g(0). Let i = f + 217. Calculate the greatest common divisor of i and 5.
5
Suppose 0 = -173*g + 168*g - 15. Let r be 15 + g - (2 - 1). Calculate the greatest common divisor of r and 319.
11
Suppose -5*s - 12 = -3*r + 7, 5*r + 5*s = 45. What is the greatest common factor of 1300 and r?
4
Let a(t) = -t**3 + 17*t**2 - 17*t - 35. Let f be a(15). Suppose -2*x - 6*x = -f. Let n be 4*-1*8/(-4). Calculate the highest common divisor of n and x.
4
Suppose -7*h + 571 + 346 = 0. Suppose -h = -11*w + 67. Suppose 4*f - f = -12, 3*v = f + 382. Calculate the greatest common divisor of v and w.
18
Suppose 22*o - 60 = 25*o. Let f(a) = -a**3 - 18*a**2 + 29*a + 4. Let h be f(o). Suppose -3*z + 2*z + 32 = 0. What is the greatest common factor of z and h?
32
Let x = 198 - 196. Let f be 6805/25 + x/20*-2. Calculate the highest common factor of f and 17.
17
Suppose 96 = b + 2*w + 98, -b - 4*w - 16 = 0. What is the highest common factor of 13812 and b?
12
Let h = 9287 + -8231. What is the highest common factor of 40 and h?
8
Let p(k) = -k + 53. Let d be -3 - (-5)/15*-3. Let x be p(d). Suppose 11*y - 31 = x. What is the highest common divisor of 4 and y?
4
Suppose 11*o - 157 - 780 = -3*b, 2*o + 1460 = 5*b. What is the highest common factor of b and 126?
42
Let s(r) = -r**3 - 11*r**2 + 20*r + 4. Let o be s(-13). Calculate the greatest common factor of 3034 and o.
82
Let i be ((-6)/8)/((-2)/8). Let y = 45 - i. Let o be 84/238 + 28530/85. What is the greatest common factor of o and y?
42
Let s = -4037 - -4097. Let t = -5 + 13. What is the greatest common divisor of s and t?
4
Let n(s) = -s**2 - 47*s + 53. Let t be n(-48). Suppose -4*v + 3*y = -181, -t*y - 24 = -2*v + v. Calculate the highest common factor of v and 28.
7
Suppose -5*i + 16900 = -92*t + 87*t, 3*i + 3*t = 10122. What is the greatest common factor of i and 11?
11
Let l(y) = y**2 - 2*y - 18. Let k(r) = -r**2 + r + 19. Let t(w) = 4*k(w) + 5*l(w). Let a be t(8). Calculate the greatest common factor of 6 and a.
2
Let y = 2277 + -1257. What is the highest common divisor of 300 and y?
60
Suppose -119*x - 243*x + 724 = 0. What is the highest common divisor of x and 4?
2
Suppose -3*c + 39 = 0, -5*j + 137 = 7442*c - 7443*c. Suppose -2*d = -0*d - 12. Calculate the highest common factor of j and d.
6
Let l(m) = -1350*m + 8126. Let q be l(6). Let x(u) = -220*u + 1. Let b be x(-1). Calculate the greatest common divisor of q and b.
13
Let m be -2 + 3 + 1*107. Let l = 253 - 211. Let q be (108/l)/((-3)/(-14)). What is the highest common factor of q and m?
12
Let r = 155 + -105. Suppose 0 = 4*k + 10 - 30. Suppose 3*h - 2*y - 64 = 0, k*h - 5*y - 102 = -4*y. Calculate the greatest common divisor of r and h.
10
Let z be -1043*(-11 - 324/(-84)). What is the greatest common divisor of z and 596?
298
Let n be 